se 12, what is -4b43 + 4?
-4b3b
In base 10, what is 5 + -1056?
-1051
In base 9, what is -4 - -37?
33
In base 15, what is -1e8 - -9?
-1de
In base 5, what is 11330 - 1?
11324
In base 7, what is 1146 + -6?
1140
In base 11, what is -1 - -111?
110
In base 15, what is 0 - 6e?
-6e
In base 9, what is 20 - 4?
15
In base 8, what is -20 + 15?
-3
In base 9, what is 11 + -64?
-53
In base 3, what is 11 + 1201021?
1201102
In base 7, what is 22 - 53?
-31
In base 15, what is -b87 - -2?
-b85
In base 5, what is -102 - -121?
14
In base 4, what is -11 + -1200?
-1211
In base 4, what is 122201 + 2?
122203
In base 9, what is 125 - -177?
313
In base 14, what is -6c4 - 5?
-6c9
In base 9, what is -615 - 3?
-618
In base 10, what is -6 + 48?
42
In base 7, what is 1 + 1452?
1453
In base 5, what is 2222 + 11?
2233
In base 8, what is 1 - 126?
-125
In base 8, what is 10 + 64?
74
In base 6, what is -21510 + 1?
-21505
In base 5, what is 41 + -2434?
-2343
In base 14, what is 1b + 9?
26
In base 4, what is 3 + -10?
-1
In base 12, what is 8 - -a?
16
In base 9, what is -3 - 25?
-28
In base 12, what is 724 - 13?
711
In base 14, what is 2 + -106?
-104
In base 5, what is 112 + -13?
44
In base 15, what is 3 - -14?
17
In base 3, what is 122002 + -1?
122001
In base 6, what is -21212 - -2?
-21210
In base 2, what is -101100 + 100100?
-1000
In base 12, what is -5 + 225?
220
In base 7, what is 101663 - -2?
101665
In base 12, what is -b - 166?
-175
In base 11, what is 0 - 135?
-135
In base 12, what is 33 + -11?
22
In base 13, what is 4 - 14b?
-147
In base 10, what is -6 - 13?
-19
In base 10, what is -3 - -689?
686
In base 14, what is 54 + -29?
29
In base 11, what is -2 - 2?
-4
In base 2, what is 0 - -111000?
111000
In base 4, what is -13110 - -10?
-13100
In base 10, what is 15 - 706?
-691
In base 6, what is -211 - 20?
-231
In base 14, what is 52 - -6?
58
In base 6, what is -44 + 3?
-41
In base 6, what is -3354 - 3?
-3401
In base 5, what is -3020 + -1?
-3021
In base 11, what is 0 - -a5?
a5
In base 14, what is 44 - -29?
6d
In base 11, what is 7 - 2020?
-2014
In base 4, what is -30 + 101?
11
In base 13, what is -140 + -4?
-144
In base 12, what is 5b3 - 1?
5b2
In base 5, what is 1201 + -121?
1030
In base 9, what is 86 + -1?
85
In base 4, what is -2 - 112?
-120
In base 12, what is 360 - 1?
35b
In base 14, what is -9a + 20?
-7a
In base 12, what is 3 + 68?
6b
In base 6, what is -11 + -24205?
-24220
In base 11, what is 1779a - -5?
177a4
In base 10, what is 261 - 1?
260
In base 10, what is -3 + 959?
956
In base 3, what is -2221 + 221?
-2000
In base 3, what is 11022 - -1210?
20002
In base 11, what is -536 + 0?
-536
In base 4, what is 10 - 1131?
-1121
In base 3, what is -211 - -101?
-110
In base 15, what is -11 + -d4?
-e5
In base 3, what is -10212 - 0?
-10212
In base 5, what is -1143 - -10?
-1133
In base 5, what is 1113 - -1?
1114
In base 6, what is -420 + 3?
-413
In base 10, what is 402 + 2?
404
In base 4, what is 23123 + 113?
23302
In base 10, what is 59815 + 4?
59819
In base 12, what is -b6 + 11?
-a5
In base 2, what is 1100010010 - 11?
1100001111
In base 14, what is -5 + 13a?
135
In base 14, what is 2 - -1?
3
In base 14, what is -3c + 2?
-3a
In base 4, what is -11210 - -1?
-11203
In base 9, what is -56 + -23?
-80
In base 11, what is 1 + 630?
631
In base 10, what is -9 + 29?
20
In base 6, what is -1 + -21?
-22
In base 15, what is 2 + -369?
-367
In base 12, what is 189 + 63?
230
In base 16, what is 12 - 157?
-145
In base 8, what is 13 - 30?
-15
In base 9, what is -6 - -4?
-2
In base 13, what is 8 - 4b2?
-4a7
In base 3, what is -11 - 1122011?
-1122022
In base 4, what is 2133310 - 3?
2133301
In base 4, what is -2 + 1223?
1221
In base 9, what is 4 - 1135?
-1131
In base 16, what is -6 + f?
9
In base 16, what is -16 + -1?
-17
In base 6, what is 25142 - 5?
25133
In base 4, what is 3002 + -1?
3001
In base 5, what is 2 - 34441?
-34434
In base 6, what is 2 - 532?
-530
In base 9, what is -31235 - -3?
-31232
In base 3, what is -12220 - 1?
-12221
In base 7, what is -3 - -134?
131
In base 16, what is -21a + a?
-210
In base 10, what is 5 - -1714?
1719
In base 10, what is 405 + 4?
409
In base 12, what is 71 + -16?
57
In base 15, what is 1084 - 0?
1084
In base 15, what is -41 + dc?
9b
In base 9, what is 5 + 220?
225
In base 11, what is -253 - 3?
-256
In base 12, what is 2 + -b6?
-b4
In base 9, what is 63 + -331?
-257
In base 6, what is -3 + 11240?
11233
In base 3, what is -1 - 1220?
-1221
In base 4, what is -1003 + -2?
-1011
In base 8, what is 11 + -25?
-14
In base 15, what is -12 + -7?
-19
In base 7, what is -542 - -2?
-540
In base 7, what is -11 + -1460?
-1501
In base 2, what is 101 - -1110001?
1110110
In base 9, what is 4 + -10?
-5
In base 10, what is 13 + 2?
15
In base 10, what is -5 - 2165?
-2170
In base 3, what is -12 + -100000?
-100012
In base 12, what is 45 - -1?
46
In base 5, what is -23 + -3?
-31
In base 3, what is 22010 - -12?
22022
In base 8, what is 10 + -435?
-425
In base 10, what is -3425 - -5?
-3420
In base 14, what is 9 - 9c2?
-9b7
In base 8, what is -275 + -21?
-316
In base 2, what is 10001 - 1110?
11
In base 14, what is -15 - c?
-23
In base 13, what is -cb4 - 3?
-cb7
In base 9, what is 4 + 1875?
1880
In base 12, what is 13 - -49?
60
In base 10, what is 5 + 602?
607
In base 8, what is 2 + 56?
60
In base 15, what is -4 + 1d?
19
In base 6, what is -5 - -53?
44
In base 13, what is -4 - a0?
-a4
In base 15, what is 38 - 5?
33
In base 15, what is -4 + -469?
-46d
In base 6, what is 12304 - -4?
12312
In base 5, what is 4 - 34?
-30
In base 10, what is -194 - 4?
-198
In base 11, what is -9 + 192?
184
In base 6, what is 31453 - -11?
31504
In base 13, what is -333 - -2?
-331
In base 8, what is -365 + -3?
-370
In base 14, what is -4 + -21?
-25
In base 11, what is -23 - -7?
-17
In base 2, what is -10011100 - -1000?
-10010100
In base 7, what is 3 - -26?
32
In base 11, what is -21 - -1?
-20
In base 11, what is -2123 - -5?
-2119
In base 7, what is -222 + 65?
-124
In base 3, what is 10 + -21011221?
-21011211
In base 12, what is 627 + 4?
62b
In base 16, what is -22 + -523?
-545
In base 12, what is -378 + 9?
-36b
In base 11, what is 389 - 5?
384
In base 4, what is -10 + -11032?
-11102
In base 15, what is b1 - -16?
c7
In base 10, what is 14 + -99?
-85
In base 5, what is 40 + -12002?
-11412
In base 6, what is -14322 - 5?
-14331
In base 16, what is -547 + 5?
-542
In base 11, what is 527 + 0?
527
In base 2, what is -10 + -11?
-101
In base 6, what is -110 - 22?
-132
In base 4, what is -2 - 23?
-31
In base 7, what is 31 + -1410?
-1346
In base 6, what is -31 - -125?
54
In base 3, what is 2100 - -201001?
210101
In base 15, what is -1 + -d?
-e
In base 4, what is -101 + -23323?
-30030
In base 11, what is -18 + 133?
116
In base 8, what is 2031 + -4?
2025
In base 9, what is 10507 + 2?
10510
In base 6, what is 20433 - 3?
20430
In base 11, what is -2 + -12?
-14
In base 14, what is 2 + -b5?
-b3
In base 9, what is 0 - -140?
140
In base 8, what is -14 - -300?
264
In base 14, what is -3 - -136?
133
In base 2, what is 1100101 - 10?
1100011
In base 13, what is -2 + 753?
751
In base 12, what is -2 + 234?
232
In base 13, what is -20 - -2c?
c
In base 13, what is 1ac - -8?
1b7
In base 3, what is -11 - 11211?
-11222
In base 2, what is -101 + -1110111?
-1111100
In base 3, what is 10 + 11?
21
In base 9, what is 21 - -1?
22
In base 15, what is 1 + -d9?
-d8
In base 11, what is -264 + 3?
-261
In base 3, what is 1222 + -110?
1112
In base 8, what is -421 - 4?
-425
In base 16, what is 51 - 15?
3c
In base 9, what is 4438 + -2?
4436
In base 2, what is -10011110 - 101?
-10100011
In base 14, what is 41 + -5?
3a
In base 2, what is -111100101001 + 11?
-111100100110
In base 10, what is 14 + -5?
9
In base 11, what is 338 + 5?
342
In base 13, what is -4 + 9b6?
9b2
In base 13, what is -7 + -9b?
-a5
In base 9, what is -132 - 5?
-137
In base 15, what is 3 - 33?
-30
In base 16, what is 18 + da?
f2
In base 7, what is 4 - 60?
-53
In base 2, what is -10110101000 - 0?
-10110101000
In base 10, what is 22 - -723?
745
In base 9, what is -3 - 342?
-345
In base 9, what is -140 + -3?
-143
In base 12, what is 3b + -36?
5
In base 4, what is -121 + -121?
-302
In base 2, what is -10000 + 110?
-1010
In base 16, what is -f - 9?
-18
In base 15, what is -5 - -1?
-4
In base 4, wh